se
Let q = 20 + -23. Let a be 6 + (q + 1)/(4/2). Suppose 0 = 2*x - 4*w + 7*w - 412, 0 = -a*x + 3*w + 1051. Is x a prime number?
False
Let p(v) = 23*v**3 - 74*v**2 + 44*v - 24. Let s(r) = 12*r**3 - 38*r**2 + 22*r - 11. Let q(w) = -6*p(w) + 11*s(w). Is q(-19) composite?
True
Suppose 19*h = 2*y + 24*h - 3282289, -3*y - 4*h = -4923465. Is y prime?
False
Is ((-5)/(-14) + 18/126)*(0 + 14138) a composite number?
False
Suppose x - 19 = -15. Let a(y) = 78*y**3 + 2*y**2 + 7*y - 19. Is a(x) composite?
True
Suppose -3*y - 6901 + 63091 = -3*q, -3*q - 18720 = -y. Suppose a = -a + 3*u + 7501, 5*a - 4*u = y. Is a a composite number?
True
Suppose 5*m + 83403 = 7*m - x, 5*x = -3*m + 125124. Is m prime?
False
Let y = -696761 + 1312098. Is y a prime number?
True
Let x(n) be the first derivative of n**5/6 - 5*n**4/12 + n**3/2 - 21*n**2/2 + 19. Let u(a) be the second derivative of x(a). Is u(8) composite?
False
Suppose 439 + 4245 = -4*q. Let p = q + 2708. Is p a composite number?
True
Let b = 1133711 + -60766. Is b composite?
True
Suppose 0 = -2*d + z - 13, 2*d - 3*d + 1 = -2*z. Let f(r) = r**3 + 11*r**2 + 18*r - 1. Let k be f(d). Is (-794 - -3)*(-2 - k) prime?
False
Let f(y) = -5*y**2 - 2*y**3 - 7*y**2 + 38*y + 36 - 13*y. Is f(-17) a prime number?
False
Suppose -9*c = 3*c - 2338464. Suppose 9*z + c = 17*z. Is z a prime number?
True
Let r = 145256 - 66217. Is r a prime number?
True
Suppose 0 = -5*g - 13446 - 4109. Let i = g - -1672. Let z = i - -3532. Is z composite?
False
Suppose -9*b + 167676 = -5*b + 4*y, 0 = -5*b - 3*y + 209591. Is b a composite number?
True
Suppose -130035 = -33*m - 28*m + 3020432. Is m a composite number?
False
Let t(v) = 2*v**2 - 4*v + 4. Let m be t(-2). Let f = 25 - m. Suppose f*o - 7*o = 4*s - 994, 4*s - 2*o - 1014 = 0. Is s composite?
False
Let c(a) = -a + 45. Let f be c(0). Suppose -7*t - f = 18. Let x(r) = 19*r**2 + 12*r + 8. Is x(t) a prime number?
True
Let n(a) = -5*a - 34. Let p be n(-19). Suppose -3*y + 0*b = -5*b - 44, 5*y + 4*b = p. Let o(t) = 162*t - 7. Is o(y) a composite number?
False
Suppose -h + 0*h = 1, -3*h = 3*q - 9. Suppose -k = -2*s - 2, -2*k - k + 2 = -q*s. Is -1 + (421 - k - 3) composite?
False
Suppose 39*z - 5015582 = 8458489. Is z a prime number?
False
Is (1 - 1/2)/(235620/(-235632) + 1) composite?
True
Let l(d) = 672*d**3 + 9*d**2 - 11*d + 3. Suppose i = -5 + 6. Is l(i) prime?
True
Let q = 68 + -51. Let r = q - 12. Suppose r*k - 385 = -4*b, -b - 3*k + 478 = 4*b. Is b prime?
False
Let o = -570 - -577. Suppose -7606 = -o*g + 13653. Is g prime?
True
Suppose -4*f = 2*y - 2 - 24, -5*y + 13 = -3*f. Let c(m) = 24*m**3 + 2*m**2 - 3*m - 4. Let k be c(f). Let v = k + -1050. Is v prime?
False
Let c be (-1047)/(-3 + (-25)/40*-6). Let b be (4/(-12))/((-3)/27). Is (c/(-3))/(2/b) a prime number?
False
Suppose 59*w - 29509318 + 9962205 = 0. Is w a prime number?
True
Suppose -14*g - 10*g + 231737 = -34015. Is g a prime number?
False
Let l(t) = 120*t**2 - 63*t - 20. Is l(-9) composite?
False
Suppose 3*s + 329019 = 3*h, -5*h - s + 728072 = 179707. Is h a prime number?
True
Let f = 425 - 3941. Let w be (0 + 3)/(4/(f/(-9))). Suppose 4*b + 2*h + h - 1158 = 0, h + w = b. Is b a composite number?
True
Let d be (-2)/(-4)*0/1. Suppose d = -5*a + 8*a - 12813. Is a prime?
True
Let b be ((-3)/(-2) - 65/(-26)) + 87968. Let u = b - 58309. Is u a prime number?
True
Let k be 6980/28 - 9*12/378. Let z = k + -64. Is z a prime number?
False
Let s = 1355121 - 75900. Is s a composite number?
True
Suppose -2*y + 285 = -0*y - g, -g + 279 = 2*y. Suppose y*p = 142*p. Suppose p = -6*b + 3586 + 3440. Is b a prime number?
True
Let g(k) = 14169*k**2 - 34*k + 21. Is g(4) prime?
False
Let w(f) = f**2 + f + 20. Let z be w(0). Is (5/z)/(2/2024) composite?
True
Suppose 8*x = 11*x + 54. Let k = x - -23. Suppose k*l + a = 4*a + 1685, -674 = -2*l + 5*a. Is l prime?
True
Suppose -7 - 8 = -w + 5*q, 13 = w - 3*q. Let l(u) = -u**3 - 9*u**2 - 2*u - 14. Let z be l(-9). Is (-1899)/(-15) + z/w a composite number?
False
Let w = 168 + -165. Let i(o) = 132*o - 3. Let f(v) = 131*v - 4. Let z(k) = 3*f(k) - 2*i(k). Is z(w) a composite number?
True
Let r(l) = 1605*l + 814. Is r(15) composite?
False
Let r(p) be the first derivative of -376*p**2 + 13*p - 98. Is r(-8) a composite number?
False
Suppose -11*z = -16*h + 20*h - 5894693, 5*h - 2143546 = -4*z. Is z a prime number?
True
Is (-14)/3 + (-924)/396 + 520874 prime?
True
Let n = -4449 + 10088. Is n a prime number?
True
Let t be (-51)/34 - (-22)/4. Suppose 3417 = -3*f - t*c, 2*f + 589 = -c - 1684. Let i = f + 3876. Is i composite?
False
Is (-1)/(-3) - 5414*(-736)/48 a composite number?
True
Let q(g) = 1513*g**2 + 684*g + 25. Is q(-12) a composite number?
True
Let x(c) = 9*c**2 + 3*c - 14. Let h be x(-9). Let f = -374 + h. Suppose 2*d - 642 = 4*k, f = d + k + 4*k. Is d prime?
False
Is (-114)/76 - 491*(-285)/6 a prime number?
True
Let i = -9553 - -89102. Is i a composite number?
False
Let i be (80/60)/(2/3). Suppose 2*m = -4*n - i*m + 20, -16 = -2*n - 4*m. Is ((3 - 2)*-103)/(n/(-38)) prime?
False
Suppose 4*b - 6*b = 0, 1 = -x + b. Is 0 + 0 + (-2103)/x composite?
True
Let k be (1842/(-15))/((-2)/10). Let j(n) = -n**3 + 37*n**2 - 7*n + 166. Let r be j(37). Let z = r + k. Is z prime?
True
Let g(u) be the third derivative of 781*u**5/30 + u**4/24 - u**3/2 - 2*u**2 - u. Is g(2) prime?
True
Let i(o) = 2*o + 21. Let p(g) = g + 10. Let a(f) = 3*i(f) - 5*p(f). Let r be a(-13). Suppose -k - 3*k + 4972 = r. Is k a prime number?
False
Suppose 5*a = -90 + 110, 5*n = -3*a + 237997. Is n composite?
True
Let h(a) = 9293*a + 1178. Is h(9) a prime number?
False
Suppose 9962929 = 202*w - 26168641 - 31071204. Is w composite?
False
Let t be ((-185)/(-74))/(1/2). Suppose 8*x - 16341 = t*x. Is x a composite number?
True
Let y(n) be the first derivative of -3*n**4/8 + 631*n**3/6 + 14*n**2 + 33. Let i(f) be the second derivative of y(f). Is i(0) a prime number?
True
Let n = 27613 + 121650. Is n a composite number?
True
Let o(a) = -a - 1. Let i(r) = 60*r - 18. Let c(p) = 2*i(p) - 18*o(p). Let y be c(5). Suppose 3*v + 39 = y. Is v a composite number?
False
Suppose -4*w + c - 2729 - 7002 = 0, -3*w = 4*c + 7303. Let n = 1406 + w. Let i = 1814 + n. Is i a composite number?
False
Let p(r) be the second derivative of 41*r**4/4 + 3*r**3/2 + 5*r**2/2 - 15*r. Let x(h) = 124*h**2 + 10*h + 5. Let v(u) = 7*p(u) - 6*x(u). Is v(-4) composite?
True
Is ((10/35)/(12/(-84)))/(4/(-7198)) prime?
False
Suppose 4*m - t - 4 - 7 = 0, -4*t + 20 = 0. Let r = -2224 - -2226. Suppose r*q = -2*z + 1368, -m*q + 227 = z - 472. Is z a prime number?
False
Is (-212)/(-424) + (-243945)/(-2) prime?
False
Let v(w) = 153*w**2 + 282*w - 44. Is v(-41) prime?
True
Suppose 9*i - 101077 = 48944. Is i a composite number?
True
Is (-81908)/(-6)*(11/((-88)/(-76)) - 8) a composite number?
False
Let j = -167 + 177. Suppose -j*u + u + 52101 = 0. Is u a prime number?
False
Suppose i + 13 = 2*z, -6*i = 2*z - 11*i - 25. Let m be (121*1)/(z/10). Suppose 250 + m = 4*f. Is f prime?
False
Let f(v) = 2*v - 63. Let q be f(17). Is q/(-29) + 557*(1 + 1) composite?
True
Let r = 173 + -162. Suppose r*p - 2*p - 76185 = 0. Is p a prime number?
False
Suppose 0 = 8*y - 14*y - 336. Let d = y + 64. Is ((-264)/9)/d*-141 composite?
True
Let l(y) = 990*y**2 - 4*y + 50. Is l(-8) a composite number?
True
Suppose 0 = 2*t + 2*t. Suppose t = 15*y - 18*y + 18. Is (-3)/y*-8 + 107 prime?
False
Let h(n) = -12908*n + 1129. Is h(-5) prime?
False
Suppose 7*x - 7968 = 3*x. Let k = 3341 - x. Is k a prime number?
False
Is (-211345 - 3)/((-16)/4) a composite number?
False
Let n(z) = 20660*z**2 + 92*z - 81. Is n(1) prime?
False
Let z(n) = -81422*n**3 - 14*n**2 - 20*n - 31. Is z(-2) composite?
True
Is 25/3 + 445/267 - -20863 a composite number?
False
Suppose 5*u = 4*b - 376, -u - 203 = -3*b + 90. Let t(y) = -17 - b*y + 75*y + 870*y. Is t(7) prime?
False
Let b = 1006 + -378. Let a = -437 + b. Is a a prime number?
True
Suppose 515274 = 3*u - 232089. Is u a composite number?
True
Let i(j) = 72*j**2 + 38*j - 4. Suppose -6*h + 754 - 736 = 0. Is i(h) a prime number?
False
Let z(q) = q**2 - 7*q - 24. Let b be z(7). Let i = b + 57. Let r = -10 + i. Is r composite?
False
Let a be (9/(90/(-28)))/(4/(-21360)). Suppose -13*z + a = 11*z. Is z a composite numb